*a - 63 = 0. Let b(z) = 29 - 27 + 8*z - a*z + z**2. Give b(-5).
2
Let i = -4 + 4. Suppose i = 4*a + 6 + 14. Let b(w) be the third derivative of w**5/60 + w**4/8 - w**3/6 + 8*w**2 + w. Give b(a).
9
Let w = -1805 + 1797. Let s(x) = -x**3 - 7*x**2 + 4*x - 27. Calculate s(w).
5
Suppose 24*s + 170 = 29*s. Suppose 26*n + 40 = s*n. Let d(m) = 4*m - 6. Calculate d(n).
14
Let w(r) = -r**2 + 15*r - 19. Suppose -c - 665 = 4*c - h, -5*h = -c - 109. Let m = -121 - c. Give w(m).
7
Let o(s) be the third derivative of -s**6/120 + s**5/20 + s**4/24 + 2*s**3/3 + 5*s**2. Let z(u) = -895*u - 23267. Let c be z(-26). Calculate o(c).
7
Let c(w) = -1 - 878*w - 873*w - 8*w**2 + 1727*w. Give c(-3).
-1
Let z be (-1 + 1)*(-5)/(-10)*(-5)/10. Let x(o) = -3*o + 15. Give x(z).
15
Let p(j) be the first derivative of -j**3 + 8*j**2 - 15*j - 2190. Give p(4).
1
Let o = -43 + 52. Let x(u) be the first derivative of -u**4/4 + 3*u**3 + u**2/2 - 7*u + 3. What is x(o)?
2
Let o(l) = -12*l + 2. Let s(p) = -63*p + 52. Let k(h) = -5*o(h) + s(h). Calculate k(16).
-6
Let t(v) = -v**3 - 39*v**2 - 34*v + 148. Let n be t(-38). Let w(b) = 4*b + 1. Let i(z) = 11*z + 2. Let d(c) = 3*i(c) - 8*w(c). Determine d(n).
-6
Suppose -2*j = -2*u + 3 - 11, -2*j = 5*u + 20. Let s(z) be the third derivative of z**5/60 + 5*z**3/6 + 14*z**2. What is s(u)?
21
Suppose -8*o + 7*o = -4. Let y(n) = -n + 4. Let f be y(-4). Suppose -4*i - 5*d = -5*i - 17, o*d = f. Let w(l) = -l + 4. Determine w(i).
11
Let i(k) = k - 7. Suppose -6*r = -8*r + 2*p - 32, 2*p + 4 = -r. Let l be (r/15)/((-1)/5). Suppose -l*q + 21 = -q - 5*u, -3*q + 2*u = -21. Give i(q).
0
Let r(g) = -1. Let v(o) = 7*o + 24. Let n(p) = 2*r(p) - v(p). Determine n(-3).
-5
Suppose 2*t + 2*t = -96. Let m = 27 + t. Let x(o) = 0*o + 0 + 2*o - m - o. Determine x(6).
3
Suppose -22*p + 173 + 509 = 0. Let g(u) = 4*u**2 + 4 - 29*u + 58*u - u**3 - p*u. Determine g(3).
7
Suppose 83 + 45 = 16*t. Suppose t*d = -15*d + 3*d. Let i(y) = -y**2 + 2*y - 1. Give i(d).
-1
Suppose -8*j + 5*f - 31 = -4*j, 0 = 2*j - 5*f + 23. Let v(d) = d**2. Let h(t) = t**3 + 10*t**2 - 5. Let s(u) = h(u) - 5*v(u). Give s(j).
11
Let x(w) = -w**3 - w + 6. Let y(m) = -m**3 + 12*m**2 - m + 17. Let j be y(12). Suppose -j*b + 6 = -0*b - 2*t, -15 = 5*b + 5*t. Give x(b).
6
Let j(o) = -o**3 - 3*o - 10. Let t = -6468 + 6468. Determine j(t).
-10
Let w = -4 + 2. Let p be (-5 + 4 - -15) + -5. Let l(i) = -i**3 + 2*i**3 - 3*i**3 + 7 - p + i**2 + i. Determine l(w).
16
Let i = 4 + -3. Let z be 1/(i*(-3)/6). Let u(h) be the first derivative of 3*h**2 + h + 80. What is u(z)?
-11
Let k(z) = -8*z**2 - 3*z + 4. Let i(o) = -o**2 - o. Let l(c) = -3*i(c) + k(c). Let f be (-6 - 140/(3 + -17)) + 4/(-2). Give l(f).
-16
Let p(d) = -d**3 - 27*d**2 + 31*d + 85. Let c(i) = 18*i + 368. Let k be c(-22). Give p(k).
1
Let x(r) = r**3 - 30*r**2 + 106*r - 14. Let g be x(4). Let j(l) = -l - 8. Calculate j(g).
-2
Let m(h) = -h**2 - 19. Let q(d) = 2*d**2 + 34. Let b(o) = 5*m(o) + 3*q(o). Give b(-4).
23
Let a(m) = m**2 - 9*m + 10. Let c be a(8). Let b(g) = 4*g + 2*g + 6 + 0*g + 2*g**c. Let k = 2043 + -2048. Determine b(k).
26
Let q(n) be the first derivative of 12*n - 56 + 1/2*n**2. Calculate q(-10).
2
Let v(o) be the first derivative of 11*o**2 + 137*o - 22. Let z be v(-6). Let j(c) = -3*c + 7. Determine j(z).
-8
Suppose -3*c + 4800 = -7*b + 4*b, -5*c = b - 7970. Let m(u) = 801*u - c*u + 795*u + 6. Give m(7).
13
Let t(n) = -3*n**3 - 7*n**2 + 58*n + 286. Let w(a) = a**3 + 3*a**2 - 20*a - 96. Let z(c) = -12*t(c) - 35*w(c). Determine z(21).
12
Let d(t) be the third derivative of 5*t**4/24 + 16*t**3/3 - 22*t**2 - t + 21. Give d(-9).
-13
Let i(o) be the first derivative of -2731*o + 34 - 4*o**2 + 1366*o - 350 + 1363*o. Give i(2).
-18
Let x(n) = -n - 17. Let a(s) = 4. Let l(m) = m**2 + 6*m + 3. Let w be l(-5). Let h(r) = w*x(r) - 9*a(r). Let t be (-8)/(-2) + 6 + -6. Determine h(t).
6
Suppose -445 + 63 = 191*g. Let w(l) = l**3 + l**2 + 3*l + 1. Determine w(g).
-9
Let c be 2/10*(7 - 27/(-9)). Suppose c*l - 7 = 3. Let d(s) be the second derivative of s**5/20 - s**4/2 + 2*s**3/3 - s**2/2 + 7*s. What is d(l)?
-6
Let q(d) = d**2 - 17*d + 11. Let i(t) = 13*t + 41. Let g(j) = j + 1. Let z(y) = 2*g(y) - i(y). Let a be z(-5). Determine q(a).
-5
Let d be 84/27 + (2 - 38/18). Let j(k) = k**3 + 2*k**2 - 4*k + 1. Calculate j(d).
34
Let l(i) = -i**3 - 5*i**2 - i - 12. Let v be 6/(-4)*(-320)/120. Suppose 5*c = 2*b + 20 - 0, -v = -2*c. Calculate l(b).
-7
Let n(f) = -f**2 + 5*f - 2. Let w = 112 - 109. Suppose -3*x + 144 = w*x. Let p be 5*((-14)/(-40) + 6/x). Calculate n(p).
4
Let k(r) = 2*r**2 + 2*r + 1. Suppose -5*z + 7 = s, -5*s + z - 4*z = 9. Let l(h) = h**3 - 8*h**2 - 12*h + 2. Let t(y) = s*k(y) - l(y). Give t(4).
-13
Let h(x) be the third derivative of x**6/120 + x**5/10 - x**4/4 - 19*x**3/3 + 384*x**2. Calculate h(-6).
-2
Let j = 145 + -143. Let m(a) = 7*a - 2*a**j + 22*a - 7*a + 0*a - 14. Calculate m(10).
6
Let c(p) be the third derivative of p**5/60 - 3*p**4/8 + 3*p**3 - 1220*p**2. Determine c(8).
10
Let q(t) = -3*t + 9. Let m(g) = -7*g + 33. Let o(c) = -2*m(c) + 7*q(c). Let x(i) = 2*i - 20. Let l be x(12). Calculate o(l).
-31
Let s = 1157 - 1165. Let z(p) = 4*p + 31. Give z(s).
-1
Let a = 3436 + -3429. Let g(v) = v**3 - 8*v**2 + 6*v + 6. Calculate g(a).
-1
Let c be 0 + 0*(-1 - 0). Let d(k) be the first derivative of k**4/4 + 2*k - 3678. Determine d(c).
2
Let c(r) = r**3 + 6*r**2 - 10*r + 2. Let u be c(-7). Let y = 20 - u. Let l(n) be the second derivative of n**4/12 + n**3/2 - 2*n**2 - 2*n + 36. Calculate l(y).
-4
Let c(j) = j**3 - 3*j**2 + 26. Suppose 6*f - 3*f = 2*f - 16*f. Give c(f).
26
Let u(c) = -8*c**3 + 5*c**2 + 4*c. Let g(z) = 6*z**3 - 4*z**2 - 3*z + 1. Let v(w) = -3*g(w) - 2*u(w). Determine v(4).
-95
Let i(c) be the third derivative of -c**4/12 + 4*c**3/3 - c**2. Suppose -2387 + 33 = -22*w. Let a = w + -98. What is i(a)?
-10
Let i(m) be the second derivative of -5*m**3/6 + 5*m**2/2 + 24*m. Let n(s) = -2*s - 2*s + 7*s - 3. Let r(o) = -4*i(o) - 7*n(o). What is r(-3)?
4
Let t = -40 - -80. Suppose -2*y + 4*y = 5*v + 19, 5*y + 5*v = -t. Let f(w) = 5*w - 12. Let p(c) = -11*c + 25. Let o(j) = -13*f(j) - 6*p(j). Give o(y).
3
Let i = 17172 + -17167. Let l(q) = -q**2 + 4*q + 3. Calculate l(i).
-2
Let g(p) = -p**2 + 29*p + 146. Let k be g(33). Suppose 40 = -k*l - 44. Let w(b) = b**3 + 7*b**2 + 9*b + 14. Determine w(l).
-4
Let a = -476 - -228. Let c = 251 + a. Let w(n) = -12*n - 3. What is w(c)?
-39
Let x(o) = -o**2 + 2*o - 14. Let y(d) = 10*d**2 - 44*d + 156. Let k(a) = -12*x(a) - y(a). Let s be -10 - -12 - (12 - 1). Calculate k(s).
-6
Let y(i) be the third derivative of -i**6/120 - 7*i**5/20 + 11*i**4/4 - 25*i**3 - 149*i**2 + 23. Give y(-24).
-6
Let z(n) = -38*n**2 + 15*n - 64. Let c(q) = 17*q**2 - 8*q + 31. Let x(p) = 9*c(p) + 4*z(p). Determine x(9).
-4
Let y(f) be the third derivative of -f**6/60 + 4*f**5/3 + f**4/24 - 19*f**3/3 - 2*f**2 - 48. Calculate y(40).
2
Let g(q) be the first derivative of q**4/4 + 4*q**3/3 + q**2 + 3*q - 3448. What is g(-2)?
7
Let n(r) = -1. Let w(l) be the second derivative of l**4/12 - 5*l**3/6 - 3*l**2/2 + l - 29. Let h be 1/1 - 1 - -1. Let g(d) = h*n(d) - w(d). What is g(6)?
-4
Let r(b) = -25*b**2 + 402*b - 37. Let x be r(16). Let l(k) = k**2 - 2*k - 12. Determine l(x).
23
Suppose -1881 + 1015 = 419*x + 1648. Let a(w) = -3*w**3 - 21*w**2 - 12*w - 10. Let o(y) = y**3 + 7*y**2 + 4*y + 3. Let h(v) = -3*a(v) - 8*o(v). What is h(x)?
18
Suppose 9409*g = 9512*g + 1030. Let y(d) = -d**2 - 4*d + 61. Give y(g).
1
Let a(p) be the third derivative of p**6/60 + 37*p**5/60 + 3*p**4/4 + p**3/6 + 1247*p**2. Calculate a(-18).
1
Let v be 1 + (-5)/(-1) + -4. Let f(p) = -2 + p**3 + 12 - 5*p**v - 1 + 0*p - 10*p - p. Calculate f(7).
30
Let a = -392 - -395. Let p(z) = -2 - 23*z - a*z**2 + 10*z + 4*z**2 + 0*z**2. Determine p(13).
-2
Suppose 0 = -4*u + 2*w + 14, u + u - 16 = 4*w. Let g(b) = 2 - u + 1 - 3 - 8*b + 0. What is g(1)?
-10
Let v be (-18)/(-24)*(0 + 8/2). Let z be v + -4 + -1 + 5. Suppose z*p + 4*p = -0*p. Let k(g) = -g - 4. Determine k(p).
-4
Let f(z) = -11*z + 66. Let s = 4115 - 4109. Determine f(s).
0
Let z(j) = 0*j**2 - 2 + j + 2*j**2 + 10*j**2 - 10*j**2. Let c be (-1332)/30 + -4*1/(-10). Let f be ((-9)/4)/(-1) + 11/c. Determine 